e the greatest common divisor of a and l.
17
Let w(z) = -z**3 + 12*z**2 + 2. Let s be w(12). Suppose -s*c - a + 0 = -12, -c = 3*a - 11. Calculate the greatest common factor of c and 85.
5
Let i(n) = 790*n + 4118. Let q be i(-5). What is the greatest common factor of q and 3738?
42
Let y = -13 - -148. Let z = 190 - y. Suppose 0 = 38*r - 16911 + 16493. What is the greatest common divisor of r and z?
11
Suppose -67*s = -65*s - 6. Let d be (1 + -3)*(-84)/(6 - s). Calculate the greatest common divisor of 126 and d.
14
Let i be -148*7/(-196) + (-2)/7. Let t be (i - -18) + (-3 - -5). Let l = 35 - t. What is the highest common divisor of l and 60?
10
Let j be 3/(9/2)*-45*(-110)/100. Calculate the highest common divisor of 1276 and j.
11
Let t be 4/16 + 567/(-28). Let k be (222/15*-1)/(8/t). Suppose -j - 2*o + k = 0, -5*j = -o + 3*o - 177. Calculate the greatest common factor of j and 14.
7
Let s be -1*1 + (-85)/(-1). Let p(a) = a**2 - 11*a - 30. Let b be 12/72 + 166/12. Let f be p(b). Calculate the greatest common factor of s and f.
12
Let x be (-2)/9 - (-5334)/189. Suppose -k + h = 3*h - 80, -2*k - 2*h + 164 = 0. Calculate the highest common divisor of x and k.
28
Let s(t) = 2*t**3 - t**2 + 3*t. Let a be s(2). Let x be (-3)/(-5*4/(-20)). Let k be 3 - 0*x/12. Calculate the greatest common factor of k and a.
3
Let b be (-1244)/(-8) + (-3)/(-6). Suppose 4*c - b = y, 5*y + 1407 - 561 = -2*c. Let h be 2/(-3) + (y/9)/(-7). Calculate the highest common factor of 14 and h.
2
Let d = -340 + 348. Let u be 64/((-8)/(-4)) - d. Calculate the highest common divisor of 132 and u.
12
Let u(y) = 262*y**2 + 7*y + 8. Let q be u(-1). Let f = -212 + q. What is the greatest common factor of f and 17?
17
Let i be ((-4)/(-18))/(41/517707). What is the greatest common factor of 61 and i?
61
Suppose 5*a = -m + 136, 0 = 2*m - 2*a - 249 + 1. Calculate the greatest common factor of m and 5922.
126
Suppose 55*m + 3430 = -15*m. Let y be (-12)/14*m/3. What is the highest common factor of y and 21?
7
Suppose 5*d + 1 = 16. Suppose 2*a + 3*v - 60 = -a, -5*a + 92 = d*v. Suppose 78 = h + 38. Calculate the highest common divisor of a and h.
8
Suppose 24*y - 216 = 20*y. Suppose c + 5*k = 48 - 11, 3*c - 4*k - y = 0. Calculate the highest common factor of c and 33.
11
Suppose 3*s - 5*m - 73 = 0, 0 = 11*s - 0*m - 2*m - 333. Let q = 105 + 608. Calculate the highest common factor of q and s.
31
Suppose -19*s + 27 = -30. Suppose 8*t - 5*z - 620 = s*t, 0 = 3*t + 4*z - 386. What is the greatest common divisor of t and 18?
18
Let a(g) be the third derivative of -g**6/120 - g**5/30 + g**4/6 - 5*g**3/6 - 2*g**2 - 29*g. Let j be a(-4). What is the greatest common divisor of j and 220?
11
Suppose 13*u + 30 - 86 = -2*m, 4*m = u + 58. What is the greatest common divisor of m and 2520?
15
Let a be 20*(-39)/(-6) - (-10 - -14). Let u(o) = o**3 + 10*o**2 + 8*o - 18. Let c be u(-8). Let b = -32 + c. What is the greatest common factor of b and a?
14
Let k(h) = h**3 - 9*h**2 + 10*h - 11. Let s be k(8). Let o(r) = 3*r - 11. Let w be o(16). Suppose -w = l - 42. What is the highest common divisor of l and s?
5
Let j(x) = 7*x + 10. Let t be -4 - (1 + (-2 - 13)). Let n be j(t). Let h = n + -45. Calculate the highest common factor of h and 7.
7
Let x be ((-1)/(-4))/((-26)/(-106808)). Calculate the greatest common divisor of 299 and x.
13
Let x = -5485 - -6557. What is the highest common divisor of 1206 and x?
134
Let z be -1*(-65 + (4 - 4)). Suppose -2*m - y = -73 - 46, m - 5*y - z = 0. What is the highest common factor of 45 and m?
15
Suppose l = -3*l + 396. Let t(h) = -15*h - 149. Let c be t(-10). Let i be (1 + 21)/(2/c). What is the highest common divisor of i and l?
11
Let i be (21/28)/(3 + 180/(-64)). Suppose -14*y + i = -38. What is the highest common divisor of 42 and y?
3
Let t = -1918 + 2366. Calculate the greatest common divisor of 196 and t.
28
Suppose -5*j - t = -2940, 3*j = 2*j + 2*t + 599. What is the highest common factor of 95 and j?
19
Suppose -91 - 189 = -10*i. Suppose -19*o + i = -18*o. Let q(w) = w**3 + 7*w**2 + w - 5. Let u be q(-3). What is the greatest common factor of u and o?
28
Suppose 135*v = 275*v - 130*v - 440. What is the highest common factor of v and 13772?
44
Let u(m) = m**3 + 14*m**2 + 5*m + 57. Let j be u(-14). Let d be 4*(-795)/(-6) + j + 16. Calculate the highest common factor of 13 and d.
13
Let r be ((-19926)/180 + (-3)/(-15))*-2. Calculate the highest common divisor of r and 119.
17
Let v = 1058 - 188. Let w be v/(-55) + 16 - (-7696)/22. What is the highest common factor of w and 5?
5
Let h = -229 - -427. Suppose t = -2*t - 4*c + 121, -5*t + h = 3*c. Suppose -t*x + 34*x = -550. What is the highest common divisor of 22 and x?
22
Let u be ((-196)/245)/(2/(-320)). Let d(r) = -r + 3. Let x be d(-13). What is the highest common factor of u and x?
16
Suppose 3*o - 69 = -21. Let q(r) = -r**3 + 12*r**2 - 14*r + 5. Let a be q(11). Let c = a + 44. Calculate the highest common divisor of c and o.
16
Suppose -24*j + 67953 + 143271 = 0. Calculate the highest common factor of 13 and j.
13
Let g(x) = -42*x + 286. Let z be g(6). Let d = 296 - 126. Calculate the greatest common factor of d and z.
34
Let o be 10 + (7 - (-613 - 7) - -3). Calculate the highest common divisor of o and 5.
5
Let h be 9 - ((-32)/(-4) + -4). Suppose 5*d = -h, 4*d = -3*i + 2*d + 4. Suppose -i*w = -3*w + 27. What is the greatest common divisor of w and 27?
27
Let a = -270 - -332. Suppose -5 = -y - 4*l, -2*y + 4*l + a = -l. What is the highest common factor of y and 651?
21
Let t = 1604 - -4568. Let y = 3547 - t. Let a be y/(-60) - (-2)/8. What is the greatest common factor of a and 110?
22
Let y = -29091 + 30226. What is the greatest common factor of y and 90?
5
Suppose 3360 = -28171*x + 28201*x. Suppose -2*l + 35 = 3*l. Calculate the greatest common divisor of l and x.
7
Suppose 0 = -4*x - 3*w + 660, -x - w + 114 = -52. Let r be ((-2)/(-6))/(4/108). What is the greatest common factor of r and x?
9
Let q(z) = -2*z**3 - z**2 - 12*z - 79. Let t be q(-11). Suppose 15*x = 766 + t. Calculate the greatest common factor of 7 and x.
7
Let p be 1 - (489/2)/(6/(-8)). Let d = 338 - p. Suppose -2*a + 352 = 2*a. Calculate the greatest common divisor of a and d.
11
Let g(j) = j**3 - 12*j**2 - 14*j + 20. Let s be g(11). Let a = -243 - s. Calculate the greatest common divisor of 174 and a.
6
Suppose 5*m + 32 = 13*m. Suppose m*s = 2*j + 31 + 3, -s - 2*j = -1. Let n(c) = c + 12. Let i be n(s). What is the highest common factor of i and 19?
19
Let m(z) = z**2 + 5*z + 3. Let l be m(-5). Suppose -l*u + u = -36. Let s = 733 + -715. What is the greatest common factor of s and u?
18
Let c be (-18 - -21)*(-1)/1*1*-308. Calculate the highest common factor of c and 627.
33
Let o be (-17)/(1449/91 - 16). Let x be (-9)/((-5)/((-110)/(-3))). Suppose -4*i + 2 + x = 0. What is the greatest common factor of o and i?
17
Suppose 99 = -4*q + 115. Let c be -5 - (0 + (-17 - q)). Let m = 24 - 16. Calculate the greatest common divisor of m and c.
8
Suppose 0 = -j + 53 - 48. Suppose -b - 2*b = -15. Suppose -2*l + 88 - 24 = b*r, -4*l - j*r = -128. Calculate the greatest common factor of 32 and l.
32
Let c(j) = -j**2 + 8*j + 10. Let k be c(13). Let t = -51 - k. Let g be (15 + (16/t - 7))*1. What is the highest common factor of g and 8?
4
Suppose 63*i = -5*i + 15*i + 1272. Calculate the greatest common factor of i and 3696.
24
Suppose 99 + 124 = u. Let t = 263 - u. Calculate the highest common factor of t and 24.
8
Let w(z) be the second derivative of z**4 + z**3/3 + z**2 + 6*z. Suppose 10*u - 9*u = -1. Let p be w(u). Calculate the greatest common divisor of 30 and p.
6
Let a(u) = u**2 + 9*u + 8. Let i be a(-10). Let z be ((-7)/(-1) - 3) + -4 + 72. What is the highest common factor of i and z?
18
Let h = 114 + 50. Let l = h + -120. What is the highest common divisor of l and 4?
4
Suppose 2*l - 23 + 5 = -2*d, 2*l = 3*d + 13. Calculate the greatest common factor of l and 17768.
8
Let z(v) = 121*v + 641. Let f be z(-2). Calculate the highest common divisor of 627 and f.
57
Suppose -5*x = -74 - 1. Let m be (-152 + 154)*1/(2/15). Calculate the highest common divisor of m and x.
15
Suppose f - 89 = -f - 3*l, 2*f + l = 87. Let o(g) = 2*g**3 - 9*g**2 + 23*g - 11. Le